{"id":76,"date":"2007-05-27T08:48:25","date_gmt":"2007-05-27T07:48:25","guid":{"rendered":"http:\/\/www.olafkortz.de\/wordpress\/?page_id=76"},"modified":"2025-06-09T12:41:19","modified_gmt":"2025-06-09T11:41:19","slug":"fuhrpark","status":"publish","type":"page","link":"http:\/\/www.olafkortz.de\/wordpress\/?page_id=76","title":{"rendered":"Fuhrpark"},"content":{"rendered":"<p>&#8222;Mein Auto, mein Haus, mein Boot!&#8220;<\/p>\n<p>Mein Auto: unverzichtbar besonders im Urlaub.<br \/>Aber, ich habe es auch geschafft ohne eigenes Auto zu leben, damals in Berlin.<\/p>\n<p>Ich habe die Umwelt durch die Nutzung folgender Fahrzeuge belastet:<\/p>\n<ul>\n<li><strong>Fahrschulwagen: 1983 VW Golf GTI, rot<br \/><\/strong>Wenn schon, denn schon.<\/li>\n<li><strong>1984 &#8211; 1986\u00a0 VW K\u00e4fer mit Halbautomatik, wei\u00df, Baujahr 1969<br \/><\/strong>Mein erstes Auto. Preis: Tausend Mark. Unvergesslich. Im Lastgang habe ich an der Ampel so manchen anderen Wagen abgeh\u00e4ngt. Im Winter 1985 bei minus 20 Grad hat dann aber nat\u00fcrlich die Heizung versagt und die Scheiben froren von innen zu. &#8222;Fahrzeigpapiere und Ihren Eiskratzer bitte.&#8220; So wurde ich von Autobahnpolizei angehalten. &#8222;Sie sind und aufgefallen, dass sie auf der Autobahn mit Schlangenlinien fahren&#8230;&#8220;. &#8222;Na, ja ich muss ja st\u00e4ndig mir mit einer Hand eine Fl\u00e4che freikratzen&#8230;&#8220;. Wurde an einen Bastler verkauft, der einen Porschemotor einbauen wollte.<\/li>\n<li><strong>1986 &#8211; 1988 Opel Ascona B 1.2 S, pastellbeige, Baujahr 1977<\/strong><br \/>Preis: 2.000 Mark. Hat ein Freund von mir zerlegt, da er mit dem Wagen ins Schleudern gekommen ist. Er fuhr, weil ich zuviel Restalkohol hatte. Seitdem fahre ich meine Autos immer selber.<\/li>\n<li><strong>1991 &#8211; 1993 VW Golf Kat-Diesel, rot, Baujahr 1991<br \/><\/strong>Mein erster Neuwagen. Geh\u00f6rte sich so als Bankkaufmann. War mit mir in Paris, am Atlantik und auf Sardinien. Ich ging nach Berlin, er nach Bosnien-Herzegovina ins Kriegsgebiet.<\/li>\n<li><strong>1993 &#8211; 1994 VW Golf Cabrio, blaumetallic, Baujahr 1993<\/strong><br \/>Hat Ellen &#8222;mit in die Ehe gebracht&#8220;. Waren mit ihm 1993 zusammen in der Toskana. Wurde am Tag der Geburt von Hendrik notgedrungen verkauft.<\/li>\n<li><strong>1995 &#8211; 1996\u00a0Renault R5, wei\u00df, Baujahr nicht mehr bekannt<\/strong><\/li>\n<li>Eingetauscht gegen eine Einbauk\u00fcche, die wir in Berlin den Nachmietern \u00fcberlie\u00dfen. Bei Kilometerstand von 150.ooo sogar zur Inspektion zum Renaulth\u00e4ndler gebracht, der uns nur verdutzt anschaute. Hatte wohl mit dieser Qualit\u00e4t nicht gerechnet. Wurde noch weitere zwei Jahre von Ellens Schwester gefahren.<\/li>\n<li><strong>1997 -2005 \u00a0 VW Golf Variant Sondermodell &#8222;Bon Jovi&#8220;, rot, Baujahr 1997<\/strong><br \/>Werksrabatt und eine Eintrittskarte f\u00fcr das Bon Jovi Konzert in Wolfsburg. Hie\u00df irgendwann nur noch John. Wirklich: keine! Probleme mit diesen Wagen gehabt, bei Kilometerstand 160.000 verkauft u.a. da ich vergessen hatte Kopfst\u00fctzen im Fond zu bestellen. Wer denkt bei einem Kleinkind daran&#8230;<\/li>\n<li><strong>2004 -2010 VW Golf Cabrio, blaumetallic, Baujahr 1993<br \/><\/strong>Hendrik und ich haben den Wagen zuf\u00e4llig bei einem H\u00e4ndler im Nachbarort entdeckt. Auch Ellen konnte ihm nicht widerstehen.<\/li>\n<li><strong> 2009 -2010 VW Polo Coup\u00e9, rot, Baujahr 1991 <\/strong><\/li>\n<li><strong>2005 &#8211; 2012 VW Golf V 1.9 TDI, silber, Baujahr 2004<br \/><\/strong>An Hendrik \u00fcbertragen, 2014 Totalschaden durch Unfall mit einem Fischbr\u00f6tchenverkaufswagen. Schuldlos.<\/li>\n<li><strong>2010 -2013 VW Golf VI 2.0 TDI, silber, Baujahr 2009<br \/><\/strong>Kilometerfresser auf der Autobahn<\/li>\n<li><strong>2012 &#8211; 2014 Volvo V 60<\/strong>,<strong>\u00a0blau<br \/><\/strong>Firmenwagen<\/li>\n<li><strong>2013 &#8211; 2015 VW up!, orange<br \/><\/strong>An Hendrik \u00fcbertragen, 2020 verkauft<\/li>\n<li><strong>2016 -2017<\/strong>\u00a0<strong>VW Golf GTD, blau<br \/><\/strong>Firmenwagen, gegen Bahn Card eingetauscht<strong><br \/><\/strong><\/li>\n<li><strong>2018 &#8211; 2021 SAAB 9-5, anthrazit<br \/><\/strong>behalten wir gut in Erinnerung, trotz defekter Lenkung, deswegen der Verkauf<\/li>\n<li><strong>2021 &#8211; 2022 BMW 320d, wei\u00df<br \/><\/strong>Pendlerfahrzeug, gegen Umzugs.- und Baustellenwagen eingetauscht<strong><br \/><br \/><\/strong><\/li>\n<\/ul>\n<p><strong>Wir fahren<\/strong><\/p>\n<ul>\n<li><strong>seit 2014 <\/strong><strong>Volvo V 60<\/strong>,<strong> blau<\/strong><\/li>\n<li><strong>seit 2020 VW E-up!, hellblau<\/strong><\/li>\n<li><strong>seit 2020, Peugeot 208, rot<\/strong><\/li>\n<li><strong>seit 2022, Mercedes Vit0, blau<\/strong><\/li>\n<\/ul>\n\n\n<p><\/p>\n","protected":false},"excerpt":{"rendered":"<p>&#8222;Mein Auto, mein Haus, mein Boot!&#8220; Mein Auto: unverzichtbar besonders im Urlaub.Aber, ich habe es auch geschafft ohne eigenes Auto zu leben, damals in Berlin. Ich habe die Umwelt durch die Nutzung folgender Fahrzeuge belastet: Fahrschulwagen: 1983 VW Golf GTI, &hellip; <a href=\"http:\/\/www.olafkortz.de\/wordpress\/?page_id=76\">Weiterlesen <span class=\"meta-nav\">&rarr;<\/span><\/a><\/p>\n","protected":false},"author":1,"featured_media":0,"parent":75,"menu_order":0,"comment_status":"closed","ping_status":"closed","template":"","meta":{"jetpack_post_was_ever_published":false,"footnotes":""},"class_list":["post-76","page","type-page","status-publish","hentry"],"jetpack_sharing_enabled":true,"jetpack_shortlink":"https:\/\/wp.me\/PawXT-1e","_links":{"self":[{"href":"http:\/\/www.olafkortz.de\/wordpress\/index.php?rest_route=\/wp\/v2\/pages\/76","targetHints":{"allow":["GET"]}}],"collection":[{"href":"http:\/\/www.olafkortz.de\/wordpress\/index.php?rest_route=\/wp\/v2\/pages"}],"about":[{"href":"http:\/\/www.olafkortz.de\/wordpress\/index.php?rest_route=\/wp\/v2\/types\/page"}],"author":[{"embeddable":true,"href":"http:\/\/www.olafkortz.de\/wordpress\/index.php?rest_route=\/wp\/v2\/users\/1"}],"replies":[{"embeddable":true,"href":"http:\/\/www.olafkortz.de\/wordpress\/index.php?rest_route=%2Fwp%2Fv2%2Fcomments&post=76"}],"version-history":[{"count":25,"href":"http:\/\/www.olafkortz.de\/wordpress\/index.php?rest_route=\/wp\/v2\/pages\/76\/revisions"}],"predecessor-version":[{"id":2964,"href":"http:\/\/www.olafkortz.de\/wordpress\/index.php?rest_route=\/wp\/v2\/pages\/76\/revisions\/2964"}],"up":[{"embeddable":true,"href":"http:\/\/www.olafkortz.de\/wordpress\/index.php?rest_route=\/wp\/v2\/pages\/75"}],"wp:attachment":[{"href":"http:\/\/www.olafkortz.de\/wordpress\/index.php?rest_route=%2Fwp%2Fv2%2Fmedia&parent=76"}],"curies":[{"name":"wp","href":"https:\/\/api.w.org\/{rel}","templated":true}]}}